{"id":21,"date":"2015-07-06T11:33:54","date_gmt":"2015-07-06T11:33:54","guid":{"rendered":"http:\/\/tainalaiho.fi\/?page_id=21"},"modified":"2021-10-06T18:55:13","modified_gmt":"2021-10-06T18:55:13","slug":"ohjelmisto","status":"publish","type":"page","link":"https:\/\/tainalaiho.fi\/?page_id=21","title":{"rendered":"Ohjelmisto"},"content":{"rendered":"<div id=\"attachment_85\" style=\"width: 310px\" class=\"wp-caption alignleft\"><a href=\"http:\/\/tainalaiho.fi\/wp-content\/uploads\/2015\/07\/LY5A2239-b.jpg\"><img aria-describedby=\"caption-attachment-85\" loading=\"lazy\" class=\"wp-image-85\" src=\"http:\/\/tainalaiho.fi\/wp-content\/uploads\/2015\/07\/LY5A2239-b.jpg\" alt=\"\" width=\"300\" height=\"450\" srcset=\"https:\/\/tainalaiho.fi\/wp-content\/uploads\/2015\/07\/LY5A2239-b.jpg 1920w, https:\/\/tainalaiho.fi\/wp-content\/uploads\/2015\/07\/LY5A2239-b-200x300.jpg 200w, https:\/\/tainalaiho.fi\/wp-content\/uploads\/2015\/07\/LY5A2239-b-683x1024.jpg 683w, https:\/\/tainalaiho.fi\/wp-content\/uploads\/2015\/07\/LY5A2239-b-624x936.jpg 624w\" sizes=\"(max-width: 300px) 100vw, 300px\" \/><\/a><p id=\"caption-attachment-85\" class=\"wp-caption-text\">Kes\u00e4, meri ja harmonikka, ly\u00f6m\u00e4t\u00f6n yhdistelm\u00e4. Kuvat Antti Kev\u00e4tlahti.<\/p><\/div>\n<p>Soitto-ohjelmistooni kuuluu\u2026<\/p>\n<p>\u2026merellist\u00e4 musiikkia, kuten Vanha merimies muistelee, Aamu Airistolla, Myrskyluodon Maija, Per\u00e4mies Kallen valssi, Ilta V\u00e4limerell\u00e4, La Paloma, La Mer, Sataman valot ja Kaukomaita kohti, Albatrossi ja Kalastaja-Eemelin valssi<\/p>\n<p><a href=\"http:\/\/tainalaiho.fi\/wp-content\/uploads\/2015\/07\/Sigyn-valssi-n2.mp3\">Sigyn-valssi<\/a> (s\u00e4v. Kauko Tiistola)<\/p>\n<p>\u2026tanssimusiikkia, kuten Kotkan poikii ilman siipii, Pihapihlaja, Satumaa, La Cumparsita, V\u00e4\u00e4r\u00e4 vitonen, Vesivehmaan jenkka, Tico tico, Keinu kanssani, Vanhan myllyn taru, Pieni polku, La Playa, Tuolta saapuu Charlie Brown, Besame mucho, Kaksi ruusua, Nuotiotunnelma ja Paratiisi<\/p>\n<p><a href=\"http:\/\/tainalaiho.fi\/wp-content\/uploads\/2015\/07\/Guapita-n4.mp3\">Guapita<\/a> (s\u00e4v. A. Malando)<\/p>\n<p><a href=\"http:\/\/tainalaiho.fi\/wp-content\/uploads\/2015\/07\/LY5A2240-b.jpg\"><img loading=\"lazy\" class=\"alignright wp-image-86\" src=\"http:\/\/tainalaiho.fi\/wp-content\/uploads\/2015\/07\/LY5A2240-b.jpg\" alt=\"\" width=\"300\" height=\"450\" srcset=\"https:\/\/tainalaiho.fi\/wp-content\/uploads\/2015\/07\/LY5A2240-b.jpg 1920w, https:\/\/tainalaiho.fi\/wp-content\/uploads\/2015\/07\/LY5A2240-b-200x300.jpg 200w, https:\/\/tainalaiho.fi\/wp-content\/uploads\/2015\/07\/LY5A2240-b-683x1024.jpg 683w, https:\/\/tainalaiho.fi\/wp-content\/uploads\/2015\/07\/LY5A2240-b-624x936.jpg 624w\" sizes=\"(max-width: 300px) 100vw, 300px\" \/><\/a><\/p>\n<p>\u2026jazzia ja viihdett\u00e4, kuten Hymni rakkaudelle, Fly Me To the Moon, Cherbourgin sateenvarjot, K\u00e4yn ahon laitaa, Niin paljon kuuluu rakkauteen, Kes\u00e4illan valssi, Ipaneman tytt\u00f6, Ota l\u00f6ysin rantein, Days of Wine and Roses, There Will Never Be Another You, On hetki, All of Me ja Y\u00f6n \u00e4\u00e4net<\/p>\n<p><a href=\"http:\/\/tainalaiho.fi\/wp-content\/uploads\/2015\/07\/Therel-Never-Be-Another-You-n2.mp3\">There&#8217;ll Never Be Another You<\/a> (s\u00e4v. Harry Warren)<\/p>\n<p>\u2026poppia ja balladeja, kuten T\u00e4htip\u00f6ly\u00e4, Can You Feel the Love Tonight, Nyt reppu jupiset riimisi rupiset, Mombasa, Norjalainen villapaita, Viidestoista y\u00f6, And I Love Her, Syyskuu, All I Have to Do Is Dream, Lapsuuden sankarille, Juliet ja Joonatan,\u00a0Always On My Mind ja Yesterday<\/p>\n<p><a href=\"http:\/\/tainalaiho.fi\/wp-content\/uploads\/2015\/07\/Kaksi-puuta-n2.mp3\">Kaksi puuta<\/a> (s\u00e4v. Juha Tapio)<\/p>\n<p><a href=\"http:\/\/tainalaiho.fi\/wp-content\/uploads\/2015\/07\/LY5A2244-b.jpg\"><img loading=\"lazy\" class=\"alignleft wp-image-87\" src=\"http:\/\/tainalaiho.fi\/wp-content\/uploads\/2015\/07\/LY5A2244-b.jpg\" alt=\"\" width=\"300\" height=\"450\" srcset=\"https:\/\/tainalaiho.fi\/wp-content\/uploads\/2015\/07\/LY5A2244-b.jpg 1920w, https:\/\/tainalaiho.fi\/wp-content\/uploads\/2015\/07\/LY5A2244-b-200x300.jpg 200w, https:\/\/tainalaiho.fi\/wp-content\/uploads\/2015\/07\/LY5A2244-b-683x1024.jpg 683w, https:\/\/tainalaiho.fi\/wp-content\/uploads\/2015\/07\/LY5A2244-b-624x936.jpg 624w\" sizes=\"(max-width: 300px) 100vw, 300px\" \/><\/a><\/p>\n<p>\u2026ja tietysti joululauluja!<\/p>\n<p>Tilaisuuksiin sopivia musiikkikappaleita on soitettu Tall Ships\u2019 Races -tapahtumissa, tansseissa, h\u00e4iss\u00e4, syntym\u00e4p\u00e4ivill\u00e4, yritysjuhlissa ja Suomen Joutsenellakin. Nuoteilla ja ilman. Perinteiset kappaleet ovat my\u00f6s suosittuja yhteislauluja, ja sopivat hyvin esimerkiksi kes\u00e4juhlan yhteisnumeroksi.<\/p>\n<p>Lauluohjelmistooni kuuluu&#8230;<\/p>\n<p>Lauluohjelmistooni kuuluu perinteist\u00e4 ja uudempaa tanssimusiikkia ja viihdett\u00e4, mm. Haaveilua, Lazzarella, Amado mio, Tulen liekit, Syv\u00e4 kuin meri, Bel Ami, Josef Josef, Y\u00f6n tummat siivet, Paikka auringossa, Hiljainen kitara, Kaksi puuta, Paratiisi, Jos helmi\u00e4 kyyneleet ois, Rakkautta K\u00f6\u00f6penhaminassa, Tintarella di luna, Ruusuinen hetki, Puhu hiljaa rakkaudesta, Mambo Rock, All Shook Up, Vanhan ajan kiper\u00e4 polkka ja Cuando calienta el sol.<\/p>\n<p><a href=\"http:\/\/tainalaiho.fi\/wp-content\/uploads\/2021\/10\/Naimisiinko-2021-10.mp3\">Naimisiinko<\/a> (trad., laulu &amp; harmonikka Taina Laiho, tausta Jamo Mattila)<\/p>\n<p><a href=\"http:\/\/tainalaiho.fi\/wp-content\/uploads\/2015\/07\/DINDI.mp3\">Dindi<\/a>\u00a0(s\u00e4v. A. C. Jobim, san. Ray Gilbert)<\/p>\n<p><a href=\"http:\/\/tainalaiho.fi\/wp-content\/uploads\/2015\/07\/ONNEA-YST\u00c4V\u00c4LLE.mp3\">Onnea yst\u00e4v\u00e4lle<\/a>\u00a0(s\u00e4v. ja san. Jarmo Mattila &amp; Taina Laiho)<\/p>\n<p><a href=\"http:\/\/tainalaiho.fi\/wp-content\/uploads\/2019\/07\/kukat-4-70.jpg\"><img loading=\"lazy\" class=\"size-full wp-image-338 alignright\" src=\"http:\/\/tainalaiho.fi\/wp-content\/uploads\/2019\/07\/kukat-4-70.jpg\" alt=\"\" width=\"572\" height=\"429\" \/><\/a><\/p>\n<p>.\u00a0 \u00a0 \u00a0 \u00a0 \u00a0 \u00a0 \u00a0 \u00a0 \u00a0KONSERTIT:<\/p>\n<p><strong>Romantiikkaa ja rakkautta<\/strong><\/p>\n<ul>\n<li>tulista ja haikeaa rakkautta, romanttisia tunteita<\/li>\n<\/ul>\n<p><strong>Matka maailman ymp\u00e4ri<\/strong><\/p>\n<ul>\n<li>kansainv\u00e4lisesti suomeksi ja muilla kielill\u00e4<\/li>\n<\/ul>\n<p><strong>Kaikki kukat kukkivat<\/strong><\/p>\n<ul>\n<li>kukka-aiheisia lauluja. Mit\u00e4 kukat kertovatkaan?<\/li>\n<\/ul>\n<p><strong>Viihdemusiikin helmi\u00e4<\/strong><\/p>\n<ul>\n<li>Elokuvista, musikaaleista ja teatterilavoilta tuttuja kappaleita Suomesta ja ulkomailta. Koskettavaa ja kaunista musiikkia vuosikymmenien varrelta.<\/li>\n<\/ul>\n<p><strong>Pop ja balladit<\/strong><\/p>\n<ul>\n<li>hittej\u00e4 ja populaarimusiikkia, radiosoittojen k\u00e4rke\u00e4 Suomesta ja ulkomailta vuosikymmenien varrelta<\/li>\n<\/ul>\n<p><strong>Joulukonsertti<\/strong><\/p>\n<ul>\n<li>hyv\u00e4ntuulista joulun tunnelmaa, aitoa joulun henke\u00e4<\/li>\n<\/ul>\n<p style=\"padding-left: 30px;\">\n","protected":false},"excerpt":{"rendered":"<p>Soitto-ohjelmistooni kuuluu\u2026 \u2026merellist\u00e4 musiikkia, kuten Vanha merimies muistelee, Aamu Airistolla, Myrskyluodon Maija, Per\u00e4mies Kallen valssi, Ilta V\u00e4limerell\u00e4, La Paloma, La Mer, Sataman valot ja Kaukomaita kohti, Albatrossi ja Kalastaja-Eemelin valssi Sigyn-valssi (s\u00e4v. Kauko Tiistola) \u2026tanssimusiikkia, kuten Kotkan poikii ilman siipii, Pihapihlaja, Satumaa, La Cumparsita, V\u00e4\u00e4r\u00e4 vitonen, Vesivehmaan jenkka, Tico tico, Keinu kanssani, Vanhan myllyn taru, [&hellip;]<\/p>\n","protected":false},"author":1,"featured_media":0,"parent":0,"menu_order":2,"comment_status":"closed","ping_status":"closed","template":"","meta":[],"_links":{"self":[{"href":"https:\/\/tainalaiho.fi\/index.php?rest_route=\/wp\/v2\/pages\/21"}],"collection":[{"href":"https:\/\/tainalaiho.fi\/index.php?rest_route=\/wp\/v2\/pages"}],"about":[{"href":"https:\/\/tainalaiho.fi\/index.php?rest_route=\/wp\/v2\/types\/page"}],"author":[{"embeddable":true,"href":"https:\/\/tainalaiho.fi\/index.php?rest_route=\/wp\/v2\/users\/1"}],"replies":[{"embeddable":true,"href":"https:\/\/tainalaiho.fi\/index.php?rest_route=%2Fwp%2Fv2%2Fcomments&post=21"}],"version-history":[{"count":30,"href":"https:\/\/tainalaiho.fi\/index.php?rest_route=\/wp\/v2\/pages\/21\/revisions"}],"predecessor-version":[{"id":485,"href":"https:\/\/tainalaiho.fi\/index.php?rest_route=\/wp\/v2\/pages\/21\/revisions\/485"}],"wp:attachment":[{"href":"https:\/\/tainalaiho.fi\/index.php?rest_route=%2Fwp%2Fv2%2Fmedia&parent=21"}],"curies":[{"name":"wp","href":"https:\/\/api.w.org\/{rel}","templated":true}]}}