{"id":41,"date":"2015-07-06T12:04:14","date_gmt":"2015-07-06T12:04:14","guid":{"rendered":"http:\/\/tainalaiho.fi\/?page_id=41"},"modified":"2026-01-13T11:43:21","modified_gmt":"2026-01-13T11:43:21","slug":"tausta","status":"publish","type":"page","link":"https:\/\/tainalaiho.fi\/?page_id=41","title":{"rendered":"Tausta"},"content":{"rendered":"<div id=\"attachment_80\" style=\"width: 310px\" class=\"wp-caption alignright\"><a href=\"http:\/\/tainalaiho.fi\/wp-content\/uploads\/2015\/07\/LY5A2112-b.jpg\"><img aria-describedby=\"caption-attachment-80\" loading=\"lazy\" class=\"wp-image-80\" src=\"http:\/\/tainalaiho.fi\/wp-content\/uploads\/2015\/07\/LY5A2112-b.jpg\" alt=\"\" width=\"300\" height=\"450\" srcset=\"https:\/\/tainalaiho.fi\/wp-content\/uploads\/2015\/07\/LY5A2112-b.jpg 1920w, https:\/\/tainalaiho.fi\/wp-content\/uploads\/2015\/07\/LY5A2112-b-200x300.jpg 200w, https:\/\/tainalaiho.fi\/wp-content\/uploads\/2015\/07\/LY5A2112-b-683x1024.jpg 683w, https:\/\/tainalaiho.fi\/wp-content\/uploads\/2015\/07\/LY5A2112-b-624x936.jpg 624w\" sizes=\"(max-width: 300px) 100vw, 300px\" \/><\/a><p id=\"caption-attachment-80\" class=\"wp-caption-text\">Kuvat Antti Kev\u00e4tlahti<\/p><\/div>\n<p><strong>Luottamustoimet<\/strong><\/p>\n<p>T\u00e4ll\u00e4 hetkell\u00e4 toimin <a href=\"http:\/\/turunharmonikkakerho.net\/\" target=\"_blank\" rel=\"noopener noreferrer\">Turun Harmonikkakerho r.y.<\/a>:n puheenjohtajana (vuodesta 2009 alkaen) ja kerhon viihdeorkesterin johtajana (vuodesta 2019 alkaen). Vaikutin lis\u00e4ksi <a href=\"http:\/\/www.harmonikkaliitto.fi\/index\" target=\"_blank\" rel=\"noopener noreferrer\">Suomen Harmonikkaliiton<\/a> liittovaltuustossa vuosina 2010-2025. <a href=\"http:\/\/soitannollinenkerho.com\/\" target=\"_blank\" rel=\"noopener noreferrer\">Turun Soitannollisessa Kerhossa<\/a> olin hallituksen j\u00e4sen vuodesta 2007 vuoden 2022 loppuun asti.<\/p>\n<p><a href=\"http:\/\/tainalaiho.fi\/wp-content\/uploads\/2015\/07\/Music.mp3\">Music<\/a>\u00a0(s\u00e4v. J. Miles, sov. H. G. K\u00f6lz, esitt\u00e4\u00e4 Turun Harmonikkakerhon viihdeorkesteri)<\/p>\n<p>Turun Harmonikkakerhon viihdeorkesteri 30.6.2023 Ikaalinen, <a href=\"https:\/\/www.youtube.com\/watch?v=VSUKg40DbFE\">puistokonsertti<\/a>.<\/p>\n<p><strong>Soittimet ja koulutus<\/strong><\/p>\n<p>Perin vanhan saksalaisen Hohner-harmonikan alle kouluik\u00e4isen\u00e4 sotainvalidi-isosed\u00e4lt\u00e4ni. Nykyiset keikkasoittimeni ovat Lasse Pihlajamaan casotto sek\u00e4 Rolandin 4xb -digiharmonikka. Kuvassa on harjoituspelini, kolmi\u00e4\u00e4nikertainen Hohner Riviera II. Vuonna 1987 aloitin soiton opiskelun Alkeis-S\u00e4veless\u00e4 ja my\u00f6hemmin jatkoin vuoteen 1994 saakka Varsinais-Suomen Musiikkioppilaitoksessa Jorma Nummisen oppilaana. Turun Harmonikkakerhon viihdeorkesterin johtaja dir. mus. Kauko Tiistola on suuresti viitoittanut soittajan tiet\u00e4ni 1990-luvun alusta asti.<\/p>\n<p><a href=\"http:\/\/tainalaiho.fi\/wp-content\/uploads\/2015\/07\/Oblivion-n2.mp3\">Oblivion<\/a> (s\u00e4v. A. Piazzolla, sov. Taina Laiho, esitt\u00e4\u00e4 Taina Laiho, harmonikka, Elina Ukkonen, piano ja Katriina Rainio, viulu)<\/p>\n<div id=\"attachment_303\" style=\"width: 232px\" class=\"wp-caption alignleft\"><a href=\"http:\/\/tainalaiho.fi\/wp-content\/uploads\/2019\/03\/Amorella-2019-03-20-b-kuva-Juha-Puhtila.jpeg\"><img aria-describedby=\"caption-attachment-303\" loading=\"lazy\" class=\" wp-image-303\" src=\"http:\/\/tainalaiho.fi\/wp-content\/uploads\/2019\/03\/Amorella-2019-03-20-b-kuva-Juha-Puhtila.jpeg\" alt=\"\" width=\"222\" height=\"334\" srcset=\"https:\/\/tainalaiho.fi\/wp-content\/uploads\/2019\/03\/Amorella-2019-03-20-b-kuva-Juha-Puhtila.jpeg 2730w, https:\/\/tainalaiho.fi\/wp-content\/uploads\/2019\/03\/Amorella-2019-03-20-b-kuva-Juha-Puhtila-200x300.jpeg 200w, https:\/\/tainalaiho.fi\/wp-content\/uploads\/2019\/03\/Amorella-2019-03-20-b-kuva-Juha-Puhtila-768x1152.jpeg 768w, https:\/\/tainalaiho.fi\/wp-content\/uploads\/2019\/03\/Amorella-2019-03-20-b-kuva-Juha-Puhtila-683x1024.jpeg 683w, https:\/\/tainalaiho.fi\/wp-content\/uploads\/2019\/03\/Amorella-2019-03-20-b-kuva-Juha-Puhtila-624x936.jpeg 624w\" sizes=\"(max-width: 222px) 100vw, 222px\" \/><\/a><p id=\"caption-attachment-303\" class=\"wp-caption-text\">Kuva Juha Puhtila.<\/p><\/div>\n<div id=\"attachment_302\" style=\"width: 234px\" class=\"wp-caption alignleft\"><a href=\"http:\/\/tainalaiho.fi\/wp-content\/uploads\/2019\/03\/Amorella-2019-03-20-a-kuva-Juha-Puhtila.jpeg\"><img aria-describedby=\"caption-attachment-302\" loading=\"lazy\" class=\" wp-image-302\" src=\"http:\/\/tainalaiho.fi\/wp-content\/uploads\/2019\/03\/Amorella-2019-03-20-a-kuva-Juha-Puhtila.jpeg\" alt=\"\" width=\"224\" height=\"338\" \/><\/a><p id=\"caption-attachment-302\" class=\"wp-caption-text\">Kuva Juha Puhtila.<\/p><\/div>\n<p><strong>Laulu<\/strong><\/p>\n<p>Vaikka harmonikka on p\u00e4\u00e4instrumenttini, \u00e4\u00e4nitimme huvin vuoksi Garota de m\u00fasica -levy\u00e4ni (2016) tehdess\u00e4 muutaman laulukappaleenkin. Huomasin laulamisen olevan hauskaa, joten aloin levyn julkaisun j\u00e4lkeen k\u00e4yd\u00e4 Sanna Ajakaisen ja my\u00f6hemmin Harry Lindstr\u00f6min laulutunneilla ja nyt laulaminen on tullut j\u00e4\u00e4d\u00e4kseen. Ohjelmistoa on koko illaksi haikeista valsseista iloisiin ralleihin, sek\u00e4 viihdeohjelmistoa.<\/p>\n<p><a href=\"https:\/\/youtu.be\/3nQh1jWpGbI\">My Only One<\/a> (s\u00e4v. &amp; san. <span class=\"yt-core-attributed-string yt-core-attributed-string--white-space-pre-wrap\" dir=\"auto\" role=\"text\"><span class=\"yt-core-attributed-string--link-inherit-color\" dir=\"auto\">Raul Wikstr\u00f6m, tausta Jarmo Mattila, \u00e4\u00e4nitysvuosi 2024)<\/span><\/span><\/p>\n<p><a href=\"https:\/\/www.youtube.com\/watch?v=gMFqNOUJQm4\">Niin paljon kuuluu rakkauteen<\/a> (s\u00e4v. Sammy Fain, suom. san. Saukki, <span class=\"yt-core-attributed-string yt-core-attributed-string--white-space-pre-wrap\" dir=\"auto\" role=\"text\"><span class=\"yt-core-attributed-string--link-inherit-color\" dir=\"auto\">tausta Jarmo Mattila, \u00e4\u00e4nitysvuosi 2024)<\/span><\/span><\/p>\n<p><strong>Kilpailut<\/strong><\/p>\n<p>En juuri harrasta kilpailuja, koska musiikki on hyvin vaikea laji kilpailuun. Musiikki ei ole vain tekniikkaa ja \u00e4\u00e4ni\u00e4, se on puhetta syd\u00e4melt\u00e4 syd\u00e4melle. Kilpailut antavat kyll\u00e4 pontta tavoitteelliseen harjoitteluun ja hyv\u00e4ss\u00e4 seurassa kilpaileminenkin sujuu.<\/p>\n<p>N\u00e4ihin on siis tullut osallistuttua:<\/p>\n<ul>\n<li><a href=\"http:\/\/tainalaiho.fi\/wp-content\/uploads\/2015\/07\/LY5A2157-b.jpg\"><img loading=\"lazy\" class=\"alignright wp-image-81\" src=\"http:\/\/tainalaiho.fi\/wp-content\/uploads\/2015\/07\/LY5A2157-b.jpg\" alt=\"LY5A2157 b\" width=\"250\" height=\"375\" srcset=\"https:\/\/tainalaiho.fi\/wp-content\/uploads\/2015\/07\/LY5A2157-b.jpg 1920w, https:\/\/tainalaiho.fi\/wp-content\/uploads\/2015\/07\/LY5A2157-b-200x300.jpg 200w, https:\/\/tainalaiho.fi\/wp-content\/uploads\/2015\/07\/LY5A2157-b-683x1024.jpg 683w, https:\/\/tainalaiho.fi\/wp-content\/uploads\/2015\/07\/LY5A2157-b-624x936.jpg 624w\" sizes=\"(max-width: 250px) 100vw, 250px\" \/><\/a>Turun Harmonikkakerhon viihdeorkesteri: Harmonikkaorkestereiden SM-kilpailut\n<ul>\n<li>vuonna 2016 sijoitus 2.<\/li>\n<li>vuonna 2014 sijoitus 3.<\/li>\n<li>vuonna 2012 sijoitus 2.<\/li>\n<li>vuonna 2008 sijoitus 3.<\/li>\n<li>vuonna 2007 sijoitus 2.<\/li>\n<li>vuonna 2006 sijoitus 1.<\/li>\n<li>vuonna 2004 sijoitus 2.<\/li>\n<li>vuonna 2003, sijoitus 1.<\/li>\n<li>vuonna 1997, sijoitus 3.<\/li>\n<li>vuonna 1995, sijoitus 1.<\/li>\n<\/ul>\n<\/li>\n<\/ul>\n<ul>\n<li>Turun Harmonikkakerhon viihdeorkesteri: Harmonikkayhtyeiden SM-kilpailut\n<ul>\n<li>vuonna 2024 sijoitus 2.<\/li>\n<li>vuonna 2003, sijoitus 2.<\/li>\n<li>vuonna 2001, sijoitus 1.<\/li>\n<li>vuonna 2000, sijoitus 1.<\/li>\n<\/ul>\n<\/li>\n<\/ul>\n<ul>\n<li>Turun Harmonikkakerhon tanssiorkesteri: Harmonikkaorkesterien SM-kilpailut\n<ul>\n<li>vuonna 2018, sijoitus 4.<\/li>\n<\/ul>\n<\/li>\n<\/ul>\n<ul>\n<li>Helsinki Pavi tanssiorkesterikilpailun 2013 voitto Keijo Nurmen yhtyeess\u00e4 <a href=\"http:\/\/tainalaiho.fi\/wp-content\/uploads\/2015\/07\/Alttaritaulutaivas.mp3\">Alttaritaulutaivas<\/a>\u00a0(s\u00e4v. J. Saksa, esitt\u00e4\u00e4 Keijo Nurmen yhtye)<\/li>\n<\/ul>\n<ul>\n<li>Turun Harmonikkakerhon yhteisorkesteri: Internationales Accordeon Festival Innsbruck 1998, sijoitus 2. paras kategoria arvosanalla \u201dausgezeichnet\u201d (erinomaista).<\/li>\n<\/ul>\n<ul>\n<li>Varsinais-Suomen nuorten harmonikkakilpailut 1992<strong>, <\/strong>duo-sarja (min\u00e4 ja serkkuni Anne-Marie Turppa), sijoitus 2.<\/li>\n<\/ul>\n<p><a href=\"http:\/\/tainalaiho.fi\/wp-content\/uploads\/2015\/07\/LY5A2096-b.jpg\"><img loading=\"lazy\" class=\"aligncenter wp-image-79\" src=\"http:\/\/tainalaiho.fi\/wp-content\/uploads\/2015\/07\/LY5A2096-b.jpg\" alt=\"\" width=\"400\" height=\"267\" srcset=\"https:\/\/tainalaiho.fi\/wp-content\/uploads\/2015\/07\/LY5A2096-b.jpg 2880w, https:\/\/tainalaiho.fi\/wp-content\/uploads\/2015\/07\/LY5A2096-b-300x200.jpg 300w, https:\/\/tainalaiho.fi\/wp-content\/uploads\/2015\/07\/LY5A2096-b-1024x683.jpg 1024w, https:\/\/tainalaiho.fi\/wp-content\/uploads\/2015\/07\/LY5A2096-b-624x416.jpg 624w\" sizes=\"(max-width: 400px) 100vw, 400px\" \/><\/a><\/p>\n","protected":false},"excerpt":{"rendered":"<p>Luottamustoimet T\u00e4ll\u00e4 hetkell\u00e4 toimin Turun Harmonikkakerho r.y.:n puheenjohtajana (vuodesta 2009 alkaen) ja kerhon viihdeorkesterin johtajana (vuodesta 2019 alkaen). Vaikutin lis\u00e4ksi Suomen Harmonikkaliiton liittovaltuustossa vuosina 2010-2025. Turun Soitannollisessa Kerhossa olin hallituksen j\u00e4sen vuodesta 2007 vuoden 2022 loppuun asti. Music\u00a0(s\u00e4v. J. Miles, sov. H. G. K\u00f6lz, esitt\u00e4\u00e4 Turun Harmonikkakerhon viihdeorkesteri) Turun Harmonikkakerhon viihdeorkesteri 30.6.2023 Ikaalinen, puistokonsertti. Soittimet [&hellip;]<\/p>\n","protected":false},"author":1,"featured_media":0,"parent":0,"menu_order":1,"comment_status":"closed","ping_status":"closed","template":"","meta":[],"_links":{"self":[{"href":"https:\/\/tainalaiho.fi\/index.php?rest_route=\/wp\/v2\/pages\/41"}],"collection":[{"href":"https:\/\/tainalaiho.fi\/index.php?rest_route=\/wp\/v2\/pages"}],"about":[{"href":"https:\/\/tainalaiho.fi\/index.php?rest_route=\/wp\/v2\/types\/page"}],"author":[{"embeddable":true,"href":"https:\/\/tainalaiho.fi\/index.php?rest_route=\/wp\/v2\/users\/1"}],"replies":[{"embeddable":true,"href":"https:\/\/tainalaiho.fi\/index.php?rest_route=%2Fwp%2Fv2%2Fcomments&post=41"}],"version-history":[{"count":48,"href":"https:\/\/tainalaiho.fi\/index.php?rest_route=\/wp\/v2\/pages\/41\/revisions"}],"predecessor-version":[{"id":643,"href":"https:\/\/tainalaiho.fi\/index.php?rest_route=\/wp\/v2\/pages\/41\/revisions\/643"}],"wp:attachment":[{"href":"https:\/\/tainalaiho.fi\/index.php?rest_route=%2Fwp%2Fv2%2Fmedia&parent=41"}],"curies":[{"name":"wp","href":"https:\/\/api.w.org\/{rel}","templated":true}]}}